g + 20 = 0. What are the prime factors of f?
2, 5, 193
Let b = 102 + -46. Suppose -2*n = 4, -4*n = -2*r + b + 58. List the prime factors of r.
53
Let u be (-3)/2*(-5 - 17). Suppose 31 + u = 4*a. What are the prime factors of a?
2
Suppose 73*c - 239279 + 43347 = 0. List the prime factors of c.
2, 11, 61
Let x = -6 - 0. Let o(v) = -3*v**3 + 11*v**2 - 3*v - 2. Let p(q) = 2*q**3 - 10*q**2 + q + 1. Let h(m) = -3*o(m) - 4*p(m). What are the prime factors of h(x)?
2
Let c(q) = -q**3 - 6*q**2 + 14*q + 4. Let h(l) = l**3 + 6*l**2 - 12*l - 3. Let y(s) = 4*c(s) + 5*h(s). Let b = 13 + -18. What are the prime factors of y(b)?
2, 23
What are the prime factors of (-1 + 2)/((-1)/(-2410)*5)?
2, 241
Let d(c) = -1156*c**3 + 3*c**2 + 4*c - 1. What are the prime factors of d(-1)?
2, 577
Let s(q) = 2*q**3 - 3*q**2 - 6*q + 3. Let u be s(5). Suppose 0 = 5*w + 3*v - 527, -2*w - 4*v + 211 = -3*v. Let n = u - w. List the prime factors of n.
2, 3, 7
Let q be -2*5*3/(-6). Suppose 6*f + 20 = 3*c + 2*f, q*c - 2*f - 10 = 0. Suppose 107 = 2*t - 3*h, 4*t - 3*t - h - 53 = c. What are the prime factors of t?
2, 13
Let f(g) = g**2 - 12*g - 27. Let b be f(14). What are the prime factors of 1/(2/(596/b))?
2, 149
Let j(o) = o**3 + 14*o**2 + 3*o + 17. Let d(a) = -a**2 + a - 1. Let x(s) = -2*d(s) - j(s). What are the prime factors of x(-12)?
3, 5
Let u = -67 + 72. Suppose y - r = 3*r + 118, 4*r - 566 = -u*y. What are the prime factors of y?
2, 3, 19
Suppose -u - 3*d + 499 = -0*u, 0 = 5*u - 3*d - 2495. List the prime factors of u.
499
Let s(p) = 8*p**3 - 5*p**2 + 2. Suppose -5*o + 8*o = 6. List the prime factors of s(o).
2, 23
Let s(d) = 5*d**2 - d. Let c be s(1). Let g(l) = 26 + 41 - c*l + 7*l + 0. What are the prime factors of g(0)?
67
Let w(q) = 2*q**3 + 19*q**2 - 20*q - 6. Let y(l) = 2*l**3 + 18*l**2 - 20*l - 7. Let v(p) = -2*w(p) + 3*y(p). What are the prime factors of v(-8)?
151
Suppose -106 = -5*o - 26. What are the prime factors of (1 + -2)/(o/(-848))?
53
Let g be 0 + -7 + 0 + 3. Let a be 1/((1 + g)/15). Let y = a - -11. What are the prime factors of y?
2, 3
Let d = 5674 - 1306. What are the prime factors of d?
2, 3, 7, 13
Let t be 0 + -1 + -427 + -1. Let l be 4/6*t/26. Let a = 21 + l. What are the prime factors of a?
2, 5
List the prime factors of (6 + -2)*-2 - -49.
41
Let b = 85 + -85. Suppose -8*v + v + 1449 = b. What are the prime factors of v?
3, 23
Let b be ((1 - 2) + -2)*-19. Let o = b - 0. What are the prime factors of o?
3, 19
Let a be (1/(-1) - 1)/(2/(-3)). Suppose a*g + 4*r - 33 = 2*g, -4*g = -4*r - 192. What are the prime factors of g?
3, 5
Let t(z) = z**2 + 4*z - 3. Let h be t(-5). Suppose -3*u + 4*u = 2*x - 9, h*x = -5*u - 21. Suppose 26 = -x*s + 96. What are the prime factors of s?
5, 7
Let a(u) = -2*u + 4. Let q be a(5). Let m be 2 + (q/(-2) - 3). Suppose -5*l = -32 + m. List the prime factors of l.
2, 3
Let g(p) = p**3 + p**2 + p + 78. Suppose 0 = -32*y + 36*y. List the prime factors of g(y).
2, 3, 13
Let x(h) = 9*h**2 - 20*h + 109. What are the prime factors of x(6)?
313
Suppose -85*h + 6810 = -80*h. What are the prime factors of h?
2, 3, 227
Let k(j) = 8*j - 7. Let x be k(8). Suppose -x - 1095 = -8*g. List the prime factors of g.
2, 3
Let s(i) = 14*i. Let w be s(-1). Let o = w - -18. Let k = 23 - o. List the prime factors of k.
19
Let h(d) = 21*d**2 - 2*d + 70. List the prime factors of h(-8).
2, 5, 11, 13
Let c = 172 - -8. What are the prime factors of (2/5)/(2/c)?
2, 3
Let r be 4/(-2) + (-4)/(-4). Let p(k) = 87*k**2 - k. What are the prime factors of p(r)?
2, 11
Let g(q) be the second derivative of -3/2*q**3 + 5/2*q**2 + 0 - 1/3*q**4 - 6*q + 1/20*q**5. What are the prime factors of g(6)?
23
Let p = -19 - -18. Let d be (p/(-1))/(15/435). Suppose -2*a - y = -d, 4*a + 0*y + 4*y = 64. What are the prime factors of a?
13
What are the prime factors of 156/(-8)*34*(-7)/7?
3, 13, 17
Suppose -1452 = -4*u - n, 1080 = 3*u + 4*n - n. Suppose o - 455 = -5*d, 2*d = -2*d + o + u. List the prime factors of d.
7, 13
Let h be 3*(10/15 + 0). Suppose h*m = 4 + 124. What are the prime factors of m?
2
Let x = -40 + 28. Let f = 16 + x. Suppose 0 = 5*c + f*h - 265, -3*c + h = -c - 119. List the prime factors of c.
3, 19
Suppose -2*x - 3*x - 515 = -4*u, 4*x = 4. Suppose -3*p - 2*p = -u. What are the prime factors of p?
2, 13
Let g(t) = 29*t**3 + 5*t**2 + 11*t + 4. Let h(l) = 44*l**3 + 7*l**2 + 16*l + 6. Let o(p) = 7*g(p) - 5*h(p). List the prime factors of o(-2).
2, 5, 7
Let d be ((-5)/1 + 2)*-1. Suppose o - 102 = -d*m + 16, o - 80 = -2*m. List the prime factors of m.
2, 19
Let s(j) = -j**2 - 42*j - 104. What are the prime factors of s(-32)?
2, 3
Let z be 84/16 + 2/(-8). What are the prime factors of 37/z - 14/35?
7
Suppose 4*y - 3*x = 8, 4*y - 5 = x + 3. List the prime factors of (-5)/((-10)/138) - y/(-1).
71
Let i(y) = -y**3 + 12*y**2 + 5*y - 9. Let c(m) = -m**2 - 10*m - 9. Let n be c(-7). List the prime factors of i(n).
3, 17
What are the prime factors of (2/6*-1)/((-5)/1515)?
101
Let q be (-3)/(-2) + (-22)/4. Let z be (-12 - 0)/q + 8. Suppose 0 = -o + z + 24. List the prime factors of o.
5, 7
Let w(r) = r**3 + 8*r**2 - 6*r - 7. Let b be w(-5). Suppose 0 = 13*k - b - 305. List the prime factors of k.
31
Let f(l) = -41*l**3 + 4*l**2 - l + 4. Let k(b) = 42*b**3 - 5*b**2 + b - 5. Let z(w) = 6*f(w) + 5*k(w). List the prime factors of z(-1).
5, 7
Let q = -901 + 1455. List the prime factors of q.
2, 277
Let c = -2578 + 2735. What are the prime factors of c?
157
Let b(k) = k**2 + 15*k + 12. Let d be b(-14). What are the prime factors of 1/(d/4) + 782/34?
3, 7
Suppose -v + 1515 = 5*n, 4*v = 2*n + 3*n - 1490. List the prime factors of n.
2, 151
Suppose -r + 3 = -1. Suppose -g = -r*j + 300, -3*j + 224 = -0*j - g. What are the prime factors of j?
2, 19
Let i(t) = -t**3 - 2*t**2 + 7*t - 1. Let l be i(-4). Suppose -5*u + 0*v + l*v = -283, 4*u = 4*v + 228. List the prime factors of u.
2, 7
Suppose -14 - 736 = -10*x. What are the prime factors of 100/x + (-322)/(-6)?
5, 11
What are the prime factors of (8/6)/(10 + 128772/(-12879))?
2, 3, 53
Let d = 18 + -12. Let y be 5*(d/15)/(-1). List the prime factors of y/(-3) + 68/6.
2, 3
Suppose 3*r + 22 = -2*s, s + 2 = -0. Let a = 75 + r. List the prime factors of a.
3, 23
Suppose 5*x - 26 = -6, -3*u + 44 = -x. Let w be 268/u + 3/12. Let h = 24 + w. List the prime factors of h.
41
Let o(g) = 18*g + 30. Let u(s) = -1. Let k(a) = o(a) + 30*u(a). List the prime factors of k(4).
2, 3
Suppose -3*g = -3*t - 1917 - 4791, -3*t + 11140 = 5*g. List the prime factors of g.
23, 97
Let s(m) = -186*m - 20. Let z be s(-6). What are the prime factors of 2/12 + z/48?
23
Suppose 5*t - 7*t = -8. Let s be -13*1 + 8/t. Let x = s + 14. List the prime factors of x.
3
Suppose -a - 5*d + 4219 = 0, -50*d - 4201 = -a - 49*d. What are the prime factors of a?
2, 1051
Let j(n) = -6*n - 4. Let f be j(4). What are the prime factors of 1/(-4) - 1603/f?
3, 19
Let v be (-42)/4*132/(-9). Suppose -3*w + 44 = -v. What are the prime factors of w?
2, 3, 11
Let c = 5007 - 2612. What are the prime factors of c?
5, 479
Let k(o) = -o - 8. Let g be k(-8). Suppose -4*h = s + 17, g = 2*s + 4*h + h + 19. List the prime factors of s.
3
What are the prime factors of -225*(-192)/40*2?
2, 3, 5
Suppose 9*q - 202 = 581. Let n = 156 - q. List the prime factors of n.
3, 23
Let d = 392 + -272. What are the prime factors of (1 - 1) + d/12?
2, 5
Let k(r) = r + 14. Let i be k(-9). Suppose 3*g - 387 = -5*n - 0*n, -385 = -i*n - 5*g. List the prime factors of n.
2, 3, 13
Suppose 15*j = 10*j + 3*b - 6, 4*j - 4*b + 8 = 0. Suppose 44*h - 49*h + 270 = j. List the prime factors of h.
2, 3
Suppose 0 = 5*x + 5*n - 40, -5*x = 4*n - 44. Suppose 0 = -x*q + 531 + 357. List the prime factors of q.
2, 37
Suppose 19 = -5*l - o, 0*l + 3*o - 11 = 2*l. Let n be (-208)/(-5) - l/10. Suppose -10*j = -12*j + n. What are the prime factors of j?
3, 7
Suppose -10 = 2*a, 0 = 4*s - 2*a + 6*a - 4876. What are the prime factors of s?
2, 3, 17
Let d(l) = 10*l**2 + 3*l - 18. Let f = -81 - -86. What are the prime factors of d(f)?
13, 19
Let i(k) = 20*k**2 + 23*k - 6. List the prime factors of i(5).
3, 7, 29
Suppose 5*g + 0*x = 3*x + 289, 0 = 4*g - 4*x - 228. Suppose 0 = 3*w - d + g, 0*d - 58 = 2*w + 4*d. Let o = w - -48. List the prime fact